159 + 488. Calculate the highest common factor of x and 235.
47
Let x = 124 + -123. Let l be 1/x - 4 - -113. What is the highest common factor of l and 10?
10
Let p(k) = 902 - 902 - 4*k. Let q be p(-3). Suppose 0 = 17*m - q - 39. Calculate the greatest common factor of m and 39.
3
Suppose 0 = 3*k - 0*k + 9, -4*r + 219 = -5*k. Suppose -r*d = -47*d - 60. Calculate the greatest common factor of d and 435.
15
Let o = 10224 + -10164. What is the greatest common factor of o and 7350?
30
Let s = -18609 + 19566. Calculate the highest common divisor of s and 58.
29
Let l = -9 + 19. Suppose -49*p - 13410 = -198*p. What is the greatest common divisor of l and p?
10
Let j = 1828 + -1811. What is the greatest common divisor of 4573 and j?
17
Let g(p) = 162*p**3 - 3*p**2 + 104*p - 103. Let m be g(1). What is the greatest common factor of 200 and m?
40
Let p be (4018/4)/(-7)*2. Let o = -435 - p. Let q = -16 - o. What is the highest common divisor of q and 24?
12
Suppose 9*y - 13*y + 1140 = 0. Suppose 3*p - y = -3*r, -19 + 139 = r - 4*p. Let f(q) = -5*q - 5. Let v be f(-5). What is the greatest common factor of v and r?
20
Let u(l) = l**3 + l**2 - 28*l - 5. Let p be u(-5). Suppose -532 = -p*o - 112. Let i be 85 - (-2 + (-6)/(-2)). Calculate the highest common factor of o and i.
12
Let h be (-52)/(0 - 13) - (-474)/3. What is the highest common divisor of 4 and h?
2
Let s be ((-35)/(-30)*-32)/(4/30). Let p = -278 - s. What is the highest common factor of p and 58?
2
Suppose 212*s - 335*s = -18081. Calculate the highest common factor of 609 and s.
21
Let m = -21002 - -21176. Calculate the greatest common divisor of m and 232.
58
Suppose -118*g + 119*g = -3, 5*o - 1272 = -g. Calculate the highest common divisor of o and 3502.
17
Suppose -6*s + 21080 - 17806 + 33266 = 0. What is the greatest common divisor of 20 and s?
10
Let a = -15265 + 16091. What is the highest common divisor of a and 70?
14
Let q(u) = -2*u**3 - 5*u**2 + 72*u + 393. Let g be q(-6). Calculate the greatest common factor of 781 and g.
71
Let w = 3511 + -3346. What is the greatest common divisor of 375 and w?
15
Let b be ((-152)/(-95))/((-8)/860). Let f = b - -271. What is the highest common factor of f and 792?
99
Suppose 0 = -p + 2*i + 22, i = 3*p + 19 - 40. Calculate the highest common factor of 11068 and p.
4
Suppose 5*v - 4*l + 305 - 2004 = 0, 3*v - l = 1025. Calculate the greatest common divisor of 441 and v.
49
Let a(p) = 10*p**2 - 3*p - 2. Let o be a(-2). Let x = 3 + -6. Let t be (-99)/(-3)*(24/x)/(-24). What is the highest common divisor of o and t?
11
Let d be 29/(-4) + (-6)/(-24) + 4. Let g(a) = -71*a - 115. Let y be g(d). Let o be (28/(-10))/(3/(-15)). Calculate the highest common divisor of o and y.
14
Suppose -6*h = -5*h - 580. Suppose 4*k - h = 828. Calculate the greatest common divisor of 11 and k.
11
Let a = -199 - -275. Suppose -73*t = -64*t - 2394. What is the highest common divisor of a and t?
38
Suppose -x = 2*x - s - 122, -4*x - s = -158. Let z be 20 - (1 + -2 + 0). Suppose z = 5*h - 19. What is the highest common factor of x and h?
8
Suppose -2*d + 4*a = -74, -24 = -d - 2*a + 1. Suppose d*p + 167 = 632. What is the greatest common divisor of 105 and p?
15
Let n be (((-3)/(-30))/(2/96))/((-1102)/(-41325)). What is the greatest common factor of n and 940?
20
Let t be 4/12*(-138045)/(-2) - 230/(-92). Calculate the greatest common divisor of 65 and t.
65
Let z(n) = 12*n**2 - n + 5. Let w be z(3). Suppose -70 = -5*p + w. Let f = 44 - p. What is the highest common factor of 56 and f?
8
Let i(z) = z**3 + 20*z**2 - 19*z + 62. Let b be i(-21). Suppose -b*k = -7*k - 26. Calculate the greatest common divisor of 22 and k.
2
Let d = 327 - 264. Suppose d*s - 73*s = -230. What is the greatest common factor of 115 and s?
23
Suppose -g = -2*j - 817, -5*g + 707*j + 4085 = 709*j. Calculate the greatest common divisor of 76 and g.
19
Suppose u = 3*k + 16, -4*u + 9 = k - 3. Let s = -13 - -31. Let y be (-4)/(-6) + 204/s. What is the greatest common factor of y and u?
4
Let x be ((8/(-11))/4)/((-29)/2233). What is the greatest common factor of 2023 and x?
7
Let r(u) = 150*u + 613. Let c(y) = 30*y + 123. Let h(x) = 11*c(x) - 2*r(x). Let z be h(10). Calculate the highest common factor of z and 61.
61
Let t = -294 + 216. Let l = t + 114. Calculate the highest common divisor of l and 28.
4
Let a be (24 - 9) + -1 - -10. Calculate the highest common divisor of 717 and a.
3
Let s(t) = t**2 + 28*t + 96. Let c be s(-19). Let d = c - -79. What is the highest common divisor of d and 64?
4
Let d(n) = 27*n**2 + 200*n - 1077. Let r be d(5). What is the greatest common factor of 871 and r?
13
Let z = -278 + 304. Suppose 9*b + 409 = 3*c + 13*b, c - 2*b = 153. What is the greatest common divisor of c and z?
13
Suppose 31 = -4*z + 39. Suppose -q + 3*s = 105, -z*s = 2*q + 2*s + 210. Let c be 6/(-45) + (-1589)/q. Calculate the highest common divisor of c and 75.
15
Let i be -2*31/3*(29 + -32). What is the greatest common divisor of i and 9269?
31
Suppose 4452 = -291*v + 297*v. Calculate the greatest common factor of 14 and v.
14
Suppose 2*j - 28 = 4*r - 280, 0 = -j + 2. Suppose -1215 = 3*u - 1239. What is the greatest common factor of u and r?
8
Let r = -21 + 21. Suppose -a + 5*p - 12 = r, -44 = -4*a + p - 16. Let j be a*((-14 - -11) + (-30)/(-8)). Calculate the greatest common divisor of j and 4.
2
Let m = -135 + 1877. Calculate the highest common divisor of m and 201.
67
Let w(q) = q**3 + 12*q**2 + 38*q + 143. Let k be w(-9). What is the highest common factor of k and 2222?
22
Let m be 634/6 - (17 - (-986)/(-51)). What is the highest common factor of 56 and m?
4
Suppose 6352*g - 6322*g = 1260. Calculate the greatest common divisor of g and 2688.
42
Suppose 0*h - 4*h + 88 = 0. Let o = 199859 - 199221. Calculate the highest common factor of h and o.
22
Let z = -580 + 1369. Let f = 1329 - z. What is the highest common factor of 20 and f?
20
Let j(l) = -l + 37. Let r be j(-7). Let t(m) = 25*m. Let c be t(-1). Let o = 36 + c. Calculate the highest common factor of o and r.
11
Let z be 124/8*2 + (-14)/2. Calculate the highest common divisor of 31 and z.
1
Let b(q) = -282*q + 2274. Let s be b(8). What is the greatest common factor of 13302 and s?
18
Suppose -23*d + 29*d - 102 = 0. Suppose d*i - 60 = 11*i. What is the highest common divisor of i and 130?
10
Let j = 22 + -23. Let z(n) = 23*n**2 + 2. Let f be z(j). What is the greatest common divisor of 10 and f?
5
Let r(i) be the first derivative of i**3 + 7*i**2 - 65*i - 106. Let j be r(5). What is the highest common divisor of 50 and j?
10
Let v(y) = y**3 + 5*y**2 + 3. Let i be v(-4). Suppose 0 = 6*q - 21 + 9. Let u be ((-57)/(-2))/(1/q). What is the greatest common divisor of i and u?
19
Let c be 60/8 + 2/4. Let z(n) = -n**3 + 36*n**2 - 2*n + 80. Let m be 36*(8/32)/((-3)/(-12)). Let w be z(m). Calculate the greatest common divisor of w and c.
8
Let x(m) = -39*m + 1694. Let d be x(36). Calculate the greatest common factor of d and 610.
10
Suppose -155 + 167 = -2*p. Let l(r) = -2*r**3 - 11*r**2 + 2*r + 7. Let c be l(p). What is the highest common divisor of c and 341?
31
Suppose 24*b - 44732 = -10868. What is the greatest common divisor of b and 493?
17
Let i be 24/(-32) - (497/(-28) + 1). Calculate the highest common factor of 432 and i.
16
Let q = -2615 + 2664. What is the highest common factor of 8869 and q?
49
Let g(d) = -d**3 + 7*d**2 - 10*d + 3. Let x be g(5). Let h be 3 - (-10)/x*18/10. What is the greatest common factor of h and 99?
9
Suppose 398*s = 302*s + 83328. Calculate the greatest common factor of s and 1456.
28
Suppose -2*c = -3*f - 3122, -4*c = 2*c - 4*f - 9406. Calculate the greatest common factor of c and 13.
13
Suppose -11*f - 6 = -8*f. Let k be 31/((4 + f)/2). What is the highest common divisor of 31 and k?
31
Let h = -1895 + 2087. What is the highest common divisor of 1248 and h?
96
Suppose -2*n + 28 = -16. Suppose 25*p - n*p - 195 = 0. What is the greatest common factor of 13 and p?
13
Let k(o) = -32*o**2 - 10*o - 15. Let h be k(-3). Let p be (-39)/h - (-55)/7. What is the highest common factor of p and 6?
2
Let b be (-106)/(-159)*((-21)/(-6) + 1). Suppose 4*u = 3*r + 167, 3*u - 129 = b*r - 2*r. Calculate the greatest common divisor of 66 and u.